the prime factors of 386922.
2, 3, 59, 1093
List the prime factors of 146428.
2, 36607
List the prime factors of 3056025.
3, 5, 7, 5821
List the prime factors of 7837534.
2, 53, 73939
What are the prime factors of 18790?
2, 5, 1879
What are the prime factors of 5586374?
2, 157, 17791
What are the prime factors of 143224?
2, 17903
What are the prime factors of 2717586?
2, 3, 17, 83, 107
List the prime factors of 4013380.
2, 5, 7, 109, 263
What are the prime factors of 11089736?
2, 7, 198031
What are the prime factors of 5689627?
233, 24419
What are the prime factors of 8952945?
3, 5, 596863
List the prime factors of 392467.
392467
What are the prime factors of 45467?
19, 2393
What are the prime factors of 304143?
3, 7, 2069
List the prime factors of 54055.
5, 19, 569
List the prime factors of 561892.
2, 140473
What are the prime factors of 132499?
132499
What are the prime factors of 15778079?
2333, 6763
List the prime factors of 224101.
224101
What are the prime factors of 35207252?
2, 1753, 5021
List the prime factors of 16946942.
2, 8473471
List the prime factors of 17069274.
2, 3, 948293
What are the prime factors of 3710746?
2, 13, 41, 59
What are the prime factors of 66073?
7, 9439
List the prime factors of 26603255.
5, 7, 760093
What are the prime factors of 1242590?
2, 5, 137, 907
List the prime factors of 891680.
2, 5, 5573
What are the prime factors of 6055267?
103, 58789
What are the prime factors of 8917223?
7, 1273889
What are the prime factors of 111554?
2, 17, 193
List the prime factors of 152371.
17, 8963
List the prime factors of 14892.
2, 3, 17, 73
List the prime factors of 12401306.
2, 6200653
What are the prime factors of 574692?
2, 3, 83, 577
List the prime factors of 6460144.
2, 61, 6619
List the prime factors of 263826.
2, 3, 14657
What are the prime factors of 4000210?
2, 5, 307, 1303
What are the prime factors of 54226?
2, 19, 1427
What are the prime factors of 9946733?
9946733
List the prime factors of 19161130.
2, 5, 1237, 1549
List the prime factors of 324235.
5, 19, 3413
List the prime factors of 10587873.
3, 3529291
List the prime factors of 116236.
2, 29059
What are the prime factors of 1869890?
2, 5, 11, 89, 191
List the prime factors of 9331690.
2, 5, 83, 11243
List the prime factors of 7393536.
2, 3, 3209
What are the prime factors of 264012?
2, 3, 7, 449
List the prime factors of 2392383.
3, 7, 37, 3079
What are the prime factors of 99675?
3, 5, 443
List the prime factors of 682664.
2, 85333
What are the prime factors of 418616?
2, 11, 67, 71
List the prime factors of 4152338.
2, 43, 53, 911
What are the prime factors of 657265?
5, 7, 89, 211
List the prime factors of 31374464.
2, 11, 22283
What are the prime factors of 4020865?
5, 797, 1009
What are the prime factors of 2137365?
3, 5, 47497
What are the prime factors of 527986?
2, 17, 53, 293
List the prime factors of 222321.
3, 11, 6737
What are the prime factors of 572110?
2, 5, 7, 11, 743
List the prime factors of 48694.
2, 97, 251
List the prime factors of 18387004.
2, 409, 11239
List the prime factors of 3434845.
5, 686969
What are the prime factors of 29269803?
3, 281, 34721
List the prime factors of 8884791.
3, 987199
List the prime factors of 2512570.
2, 5, 251257
What are the prime factors of 30448?
2, 11, 173
List the prime factors of 1079493.
3, 587, 613
What are the prime factors of 3218837?
3218837
List the prime factors of 4199904.
2, 3, 4861
List the prime factors of 439721.
67, 6563
List the prime factors of 476653.
19, 25087
List the prime factors of 35574.
2, 3, 7, 11
What are the prime factors of 326333?
7, 46619
What are the prime factors of 382352?
2, 23, 1039
List the prime factors of 1379930.
2, 5, 137993
What are the prime factors of 2243715?
3, 5, 101, 1481
List the prime factors of 11176808.
2, 1397101
List the prime factors of 2035436.
2, 13, 3011
List the prime factors of 187777.
19, 9883
What are the prime factors of 104316?
2, 3, 8693
What are the prime factors of 6747639?
3, 2249213
What are the prime factors of 434694?
2, 3, 13, 5573
What are the prime factors of 42398?
2, 17, 29, 43
List the prime factors of 2169311.
2169311
List the prime factors of 238025.
5, 9521
List the prime factors of 156871.
11, 13, 1097
What are the prime factors of 175125?
3, 5, 467
What are the prime factors of 1268634?
2, 3, 23, 29, 317
What are the prime factors of 9066375?
3, 5, 8059
What are the prime factors of 314967?
3, 67, 1567
List the prime factors of 3584552.
2, 17, 26357
What are the prime factors of 2434028?
2, 29, 20983
List the prime factors of 4968617.
103, 48239
List the prime factors of 520351.
13, 3079
What are the prime factors of 13869298?
2, 2161, 3209
What are the prime factors of 14918308?
2, 457, 8161
List the prime factors of 8263202.
2, 29, 142469
What are the prime factors of 10030624?
2, 331, 947
List the prime factors of 471550.
2, 5, 9431
List the prime factors of 3144172.
2, 53, 14831
What are the prime factors of 355360?
2, 5, 2221
What are the prime factors of 18446180?
2, 5, 922309
List the prime factors of 4272007.
43, 99349
What are the prime factors of 233794?
2, 11, 10627
What are the prime factors of 4492397?
7, 13, 49367
What are the prime factors of 283850?
2, 5, 7, 811
What are the prime factors of 419410?
2, 5, 41941
List the prime factors of 111763.
73, 1531
What are the prime factors of 8973522?
2, 3, 47, 10607
List the prime factors of 6667084.
2, 1666771
What are the prime factors of 434654?
2, 11, 23, 859
List the prime factors of 28104701.
28104701
List the prime factors of 1393745.
5, 17, 19, 863
What are the prime factors of 7807996?
2, 7, 431, 647
What are the prime factors of 1168731?
3, 31, 59, 71
What are the prime factors of 1659909?
3, 71, 7793
List the prime factors of 948400.
2, 5, 2371
List the prime factors of 1544198.
2, 173, 4463
List the prime factors of 10140528.
2, 3, 19, 11119
List the prime factors of 32812.
2, 13, 631
What are the prime factors of 8408359?
73, 115183
List the prime factors of 450014.
2, 223, 1009
What are the prime factors of 1894049?
1894049
List the prime factors of 7418714.
2, 3709357
What are the prime factors of 31729468?
2, 19, 417493
List the prime factors of 4702698.
2, 3, 7, 11, 13, 29
What are the prime factors of 32924846?
2, 1753, 9391
What are the prime factors of 863835?
3, 5, 7, 19, 433
List the prime factors of 406176.
2, 3, 4231
What are the prime factors of 693524?
2, 13, 13337
List the prime factors of 11381879.
11381879
List the prime factors of 139757.
17, 8221
What are the prime factors of 556514?
2, 7, 127, 313
What are the prime factors of 28436030?
2, 5, 7, 271, 1499
List the prime factors of 4450691.
7, 635813
What are the prime factors of 2860900?
2, 5, 7, 61, 67
What are the prime factors of 11442665?
5, 13, 176041
What are the prime factors of 568224?
2, 3, 1973
List the prime factors of 60201.
3, 6689
List the prime factors of 27988.
2, 6997
What are the prime factors of 727916?
2, 7, 25997
What are the prime factors of 8829583?
7, 631, 1999
List the prime factors of 27596892.
2, 3, 19, 121039
List the prime factors of 105670.
2, 5, 10567
List the prime factors of 22921104.
2, 3, 477523
List the prime factors of 57743.
7, 73, 113
What are the prime factors of 2324006?
2, 1069, 1087
What are the prime factors of 452233?
452233
What are the prime factors of 4510798?
2, 2255399
List the prime factors of 1483621.
1483621
List the prime factors of 239470.
2, 5, 7, 11, 311
List the prime factors of 1075752.
2, 3, 67, 223
What are the prime factors of 1027461?
3, 239, 1433
What are the prime factors of 962448?
2, 3, 20051
List the prime factors of 73517.
73517
What are the prime factors of 789490?
2, 5, 13, 6073
List the prime factors of 340867.
17, 20051
List the prime factors of 19788445.
5, 41, 83, 1163
What are the prime factors of 248778?
2, 3, 17, 271
List the prime factors of 280082.
2, 11, 29, 439
What are the prime factors of 2361635?
5, 283, 1669
What are the prime factors of 7431650?
2, 5, 148633
What are the prime factors of 743402?
2, 11, 33791
What are the prime factors of 4354118?
2, 29, 41, 1831
List the prime factors of 3979338.
2, 3, 11, 60293
What are the prime factors of 4040865?
3, 5, 89797
What are the prime factor